{"id":5312,"date":"2017-08-08T08:55:54","date_gmt":"2017-08-08T11:55:54","guid":{"rendered":"http:\/\/www.shift.inf.br\/v1\/?page_id=5312"},"modified":"2017-09-11T21:54:25","modified_gmt":"2017-09-12T00:54:25","slug":"informatica-e-perifericos","status":"publish","type":"page","link":"https:\/\/www.shift.inf.br\/v1\/solucoes\/informatica-e-perifericos\/","title":{"rendered":"INFORM\u00c1TICA E PERIF\u00c9RICOS"},"content":{"rendered":"[vc_row][vc_column][vc_column_text font_size=&#8221;20&#8243; font_weight=&#8221;300&#8243;]A Shift Tecnologia e Servi\u00e7os procura oferecer a seus clientes sempre as melhores marcas e modelos do mercado, com qualidade e durabilidade. Tudo o que h\u00e1 de mais moderno e os lan\u00e7amentos voc\u00ea vai encontrar primeiro na shift. Temos o compromisso com a excel\u00eancia e oferecemos a nossos clientes toda a linha de inform\u00e1tica e perif\u00e9ricos com garantia de total satisfa\u00e7\u00e3o.[\/vc_column_text]<div class=\"vcex-spacing\" style=\"height:25px\"><\/div>[vc_single_image image=&#8221;5392&#8243; alignment=&#8221;center&#8221;][\/vc_column][\/vc_row]\n","protected":false},"excerpt":{"rendered":"<p>[vc_row][vc_column][vc_column_text font_size=&#8221;20&#8243; font_weight=&#8221;300&#8243;]A Shift Tecnologia e Servi\u00e7os procura oferecer a seus clientes sempre as melhores marcas e modelos do mercado, com qualidade e durabilidade. Tudo o que h\u00e1 de mais moderno e os lan\u00e7amentos voc\u00ea vai encontrar primeiro na shift.&hellip;<\/p>\n","protected":false},"author":1,"featured_media":0,"parent":8,"menu_order":0,"comment_status":"closed","ping_status":"closed","template":"","meta":{"footnotes":""},"class_list":["post-5312","page","type-page","status-publish","hentry","entry","no-media"],"_links":{"self":[{"href":"https:\/\/www.shift.inf.br\/v1\/wp-json\/wp\/v2\/pages\/5312","targetHints":{"allow":["GET"]}}],"collection":[{"href":"https:\/\/www.shift.inf.br\/v1\/wp-json\/wp\/v2\/pages"}],"about":[{"href":"https:\/\/www.shift.inf.br\/v1\/wp-json\/wp\/v2\/types\/page"}],"author":[{"embeddable":true,"href":"https:\/\/www.shift.inf.br\/v1\/wp-json\/wp\/v2\/users\/1"}],"replies":[{"embeddable":true,"href":"https:\/\/www.shift.inf.br\/v1\/wp-json\/wp\/v2\/comments?post=5312"}],"version-history":[{"count":5,"href":"https:\/\/www.shift.inf.br\/v1\/wp-json\/wp\/v2\/pages\/5312\/revisions"}],"predecessor-version":[{"id":5393,"href":"https:\/\/www.shift.inf.br\/v1\/wp-json\/wp\/v2\/pages\/5312\/revisions\/5393"}],"up":[{"embeddable":true,"href":"https:\/\/www.shift.inf.br\/v1\/wp-json\/wp\/v2\/pages\/8"}],"wp:attachment":[{"href":"https:\/\/www.shift.inf.br\/v1\/wp-json\/wp\/v2\/media?parent=5312"}],"curies":[{"name":"wp","href":"https:\/\/api.w.org\/{rel}","templated":true}]}}