{"id":5316,"date":"2017-08-08T08:56:45","date_gmt":"2017-08-08T11:56:45","guid":{"rendered":"http:\/\/www.shift.inf.br\/v1\/?page_id=5316"},"modified":"2017-10-25T18:55:57","modified_gmt":"2017-10-25T20:55:57","slug":"sistema-oncontabil","status":"publish","type":"page","link":"https:\/\/www.shift.inf.br\/v1\/solucoes\/sistema-oncontabil\/","title":{"rendered":"SISTEMA ONCONT\u00c1BIL"},"content":{"rendered":"[vc_row 0=&#8221;&#8221;][vc_column 0=&#8221;&#8221;][vc_column_text font_family=&#8221;Open Sans&#8221; font_size=&#8221;20&#8243; font_weight=&#8221;300&#8243;]\n<p style=\"text-align: justify;\">O OnContabil \u00e9 um sistema de gest\u00e3o fiscal e armazenamento em nuvem de arquivos fiscais, capaz de gerar informa\u00e7\u00f5es cont\u00e1beis para a empresa, tais como relat\u00f3rios mensais, manifesta\u00e7\u00e3o do destinat\u00e1rio, entre outros.<\/p>\n<p style=\"text-align: justify;\">Armazenamos os arquivos mais comuns do mercado e os que s\u00e3o mais utilizados pelos contadores.<\/p>\n[\/vc_column_text][\/vc_column][\/vc_row][vc_row 0=&#8221;&#8221;][vc_column width=&#8221;1\/4&#8243;]<div class=\"vcex-module vcex-icon-box clr vcex-icon-box-two  wpb_animate_when_almost_visible wpb_fadeIn fadeIn\"><img fetchpriority=\"high\" decoding=\"async\" src=\"https:\/\/www.shift.inf.br\/v1\/wp-content\/uploads\/2017\/08\/StockSnap_G0V362YTA5.jpg\" width=\"1880\" height=\"960\" class=\"vcex-icon-box-image\" alt=\"NOTA FISCAL ELETR\u00d4NICA\" data-no-retina=\"\" \/><h2 class=\"vcex-icon-box-heading\" style=\"font-family:&quot;Exo 2&quot;;font-weight:600;font-size:20px;\">NOTA FISCAL ELETR\u00d4NICA<\/h2><\/div>[\/vc_column][vc_column width=&#8221;1\/4&#8243;]<div class=\"vcex-module vcex-icon-box clr vcex-icon-box-two  wpb_animate_when_almost_visible wpb_fadeIn fadeIn\"><img decoding=\"async\" src=\"https:\/\/www.shift.inf.br\/v1\/wp-content\/uploads\/2017\/08\/StockSnap_JONMP7TPGK.jpg\" width=\"1880\" height=\"960\" class=\"vcex-icon-box-image\" alt=\"CONHECIMENTO DE TRANSPORTE ELETR\u00d4NICO\" data-no-retina=\"\" \/><h2 class=\"vcex-icon-box-heading\" style=\"font-family:&quot;Open Sans&quot;;font-weight:600;font-size:20px;\">CONHECIMENTO DE TRANSPORTE ELETR\u00d4NICO<\/h2><\/div>[\/vc_column][vc_column width=&#8221;1\/4&#8243;]<div class=\"vcex-module vcex-icon-box clr vcex-icon-box-two  wpb_animate_when_almost_visible wpb_fadeIn fadeIn\"><img decoding=\"async\" src=\"https:\/\/www.shift.inf.br\/v1\/wp-content\/uploads\/2017\/08\/profservices_finance_0.jpg\" width=\"1880\" height=\"960\" class=\"vcex-icon-box-image\" alt=\"NOTA FISCAL ELETR\u00d4NICA DE SERVI\u00c7O\" data-no-retina=\"\" \/><h2 class=\"vcex-icon-box-heading\" style=\"font-family:&quot;Open Sans&quot;;font-weight:600;font-size:20px;\">NOTA FISCAL ELETR\u00d4NICA DE SERVI\u00c7O<\/h2><\/div>[\/vc_column][vc_column width=&#8221;1\/4&#8243;]<div class=\"vcex-module vcex-icon-box clr vcex-icon-box-two  wpb_animate_when_almost_visible wpb_fadeIn fadeIn\"><img loading=\"lazy\" decoding=\"async\" src=\"https:\/\/www.shift.inf.br\/v1\/wp-content\/uploads\/2017\/08\/StockSnap_VVXW9WBTB8.jpg\" width=\"1880\" height=\"960\" class=\"vcex-icon-box-image\" alt=\"NOTA FISCAL DO CONSUMIDOR ELETR\u00d4NICA\" data-no-retina=\"\" \/><h2 class=\"vcex-icon-box-heading\" style=\"font-family:&quot;Open Sans&quot;;font-weight:600;font-size:20px;\">NOTA FISCAL DO CONSUMIDOR ELETR\u00d4NICA<\/h2><\/div>[\/vc_column][\/vc_row][vc_row 0=&#8221;&#8221;][vc_column 0=&#8221;&#8221;]<div class=\"vcex-module vcex-heading vcex-heading-plain vc_custom_1502194559445\" style=\"color:#0b92d0;font-family:&quot;Open Sans&quot;;font-size:28px;font-weight:600;text-align:center;\"><span class=\"vcex-heading-inner clr\">POR QUE DEVO ARMAZENAR ESSES ARQUIVOS ?<\/span><\/div><div class=\"vcex-module vcex-divider vcex-divider-solid\" style=\"border-color:#0b92d0;\"><\/div><div id=\"listaOncontabil\" style=\"font-size:20px;font-weight:100;\" class=\"vcex-module vcex-list_item vc_custom_1502195146290\"><div class=\"vcex-icon-wrap\" style=\"font-size:20px;color:#0b92d0;\"><span class=\"fa fa-check\"><\/span><\/div>POR LEI, AS EMPRESAS PRECISAM ARMAZENAR POR 5 ANOS* O ARQUIVO XML (DIGITAL) PARA EFEITO DE FISCALIZA\u00c7\u00c3O.<\/div><div id=\"listaOncontabil\" style=\"font-size:20px;font-weight:100;\" class=\"vcex-module vcex-list_item vc_custom_1502195200420\"><div class=\"vcex-icon-wrap\" style=\"font-size:20px;color:#0b92d0;\"><span class=\"fa fa-check\"><\/span><\/div>TODOS OS DADOS S\u00c3O ARMAZENADOS COM SEGURAN\u00c7A NOS SERVIDORES DA AMAZON* E CONTAM COM A MAIS ALTA CRIPTOGRAFIA DE SEGURAN\u00c7A.<\/div><div id=\"listaOncontabil\" style=\"font-size:20px;font-weight:100;\" class=\"vcex-module vcex-list_item vc_custom_1502195203811\"><div class=\"vcex-icon-wrap\" style=\"font-size:20px;color:#0b92d0;\"><span class=\"fa fa-check\"><\/span><\/div>COM O ARMAZENAMENTO ONLINE, A EMPRESA DISPONIBILIZA OP\u00c7\u00d5ES DE DOWNLOADS DOS XMLS PARA SEUS CLIENTES.<\/div>[vc_column_text italic=&#8221;true&#8221; text_align=&#8221;right&#8221; font_family=&#8221;Open Sans&#8221; font_size=&#8221;15&#8243;]* LEI 6.374\/89 ART. 65 \u00a75[\/vc_column_text][\/vc_column][\/vc_row][vc_row 0=&#8221;&#8221;][vc_column 0=&#8221;&#8221;][\/vc_column][\/vc_row]\n","protected":false},"excerpt":{"rendered":"<p>[vc_row 0=&#8221;&#8221;][vc_column 0=&#8221;&#8221;][vc_column_text font_family=&#8221;Open Sans&#8221; font_size=&#8221;20&#8243; font_weight=&#8221;300&#8243;] O OnContabil \u00e9 um sistema de gest\u00e3o fiscal e armazenamento em nuvem de arquivos fiscais, capaz de gerar informa\u00e7\u00f5es cont\u00e1beis para a empresa, tais como relat\u00f3rios mensais, manifesta\u00e7\u00e3o do destinat\u00e1rio, entre outros. Armazenamos&hellip;<\/p>\n","protected":false},"author":1,"featured_media":0,"parent":8,"menu_order":0,"comment_status":"closed","ping_status":"closed","template":"","meta":{"footnotes":""},"class_list":["post-5316","page","type-page","status-publish","hentry","entry","no-media"],"_links":{"self":[{"href":"https:\/\/www.shift.inf.br\/v1\/wp-json\/wp\/v2\/pages\/5316","targetHints":{"allow":["GET"]}}],"collection":[{"href":"https:\/\/www.shift.inf.br\/v1\/wp-json\/wp\/v2\/pages"}],"about":[{"href":"https:\/\/www.shift.inf.br\/v1\/wp-json\/wp\/v2\/types\/page"}],"author":[{"embeddable":true,"href":"https:\/\/www.shift.inf.br\/v1\/wp-json\/wp\/v2\/users\/1"}],"replies":[{"embeddable":true,"href":"https:\/\/www.shift.inf.br\/v1\/wp-json\/wp\/v2\/comments?post=5316"}],"version-history":[{"count":18,"href":"https:\/\/www.shift.inf.br\/v1\/wp-json\/wp\/v2\/pages\/5316\/revisions"}],"predecessor-version":[{"id":5542,"href":"https:\/\/www.shift.inf.br\/v1\/wp-json\/wp\/v2\/pages\/5316\/revisions\/5542"}],"up":[{"embeddable":true,"href":"https:\/\/www.shift.inf.br\/v1\/wp-json\/wp\/v2\/pages\/8"}],"wp:attachment":[{"href":"https:\/\/www.shift.inf.br\/v1\/wp-json\/wp\/v2\/media?parent=5316"}],"curies":[{"name":"wp","href":"https:\/\/api.w.org\/{rel}","templated":true}]}}